{"id":895,"date":"2025-05-05T15:42:44","date_gmt":"2025-05-05T14:42:44","guid":{"rendered":"http:\/\/www.sklaznebohdanec.cz\/volejbal\/?page_id=895"},"modified":"2025-05-05T15:45:31","modified_gmt":"2025-05-05T14:45:31","slug":"los","status":"publish","type":"page","link":"http:\/\/www.sklaznebohdanec.cz\/volejbal\/","title":{"rendered":"Los"},"content":{"rendered":"\n<table width=\"706\">\n<tbody>\n<tr>\n<td colspan=\"6\" width=\"706\">MU\u017dI &#8222;A&#8220;<\/td>\n<\/tr>\n<tr>\n<td colspan=\"6\">KRAJSK\u00dd P\u0158EBOR -JARO 2025<\/td>\n<\/tr>\n<tr>\n<td>16. kolo<\/td>\n<td>09.03.2025<\/td>\n<td>ned\u011ble<\/td>\n<td>14,30<\/td>\n<td>S.K.L.B.<\/td>\n<td>Lan\u0161kroun<\/td>\n<\/tr>\n<tr>\n<td>17. kolo<\/td>\n<td>16.03.2025<\/td>\n<td>ned\u011ble<\/td>\n<td>14,30<\/td>\n<td>H.M\u011bstec<\/td>\n<td>S.K.L.B.<\/td>\n<\/tr>\n<tr>\n<td>18. kolo<\/td>\n<td>23.03.2025<\/td>\n<td>ned\u011ble<\/td>\n<td>15,00<\/td>\n<td>S.K.L.B.<\/td>\n<td>Svitavy<\/td>\n<\/tr>\n<tr>\n<td>19. kolo<\/td>\n<td>29.03.2025<\/td>\n<td>sobota<\/td>\n<td>15,00<\/td>\n<td>\u010c. T\u0159ebov\u00e1<\/td>\n<td>S.K.L.B.<\/td>\n<\/tr>\n<tr>\n<td>20. kolo<\/td>\n<td>06.04.2025<\/td>\n<td>ned\u011ble<\/td>\n<td>16,30<\/td>\n<td>S.K.L.B.<\/td>\n<td>Pardubi\u010dky<\/td>\n<\/tr>\n<tr>\n<td>21. kolo<\/td>\n<td>12.04.2025<\/td>\n<td>sobota<\/td>\n<td>16,30<\/td>\n<td>Holice<\/td>\n<td>S.K.L.B.<\/td>\n<\/tr>\n<tr>\n<td>POH\u00c1R<\/td>\n<td>16.04.2025<\/td>\n<td>st\u0159eda<\/td>\n<td>17,00<\/td>\n<td>\u010c. T\u0159ebov\u00e1<\/td>\n<td>S.K.L.B.<\/td>\n<\/tr>\n<tr>\n<td>22. kolo<\/td>\n<td>20.04.2025<\/td>\n<td>ned\u011ble<\/td>\n<td>17,00<\/td>\n<td>S.K.L.B.<\/td>\n<td>M T\u0159ebov\u00e1<\/td>\n<\/tr>\n<tr>\n<td>23. kolo<\/td>\n<td>27.04.2025<\/td>\n<td>ned\u011ble<\/td>\n<td>17,00<\/td>\n<td>\u00dast\u00ed n.O<\/td>\n<td>S.K.L.B.<\/td>\n<\/tr>\n<tr>\n<td>24. kolo<\/td>\n<td>04.05.2025<\/td>\n<td>ned\u011ble<\/td>\n<td>17,00<\/td>\n<td>S.K.L.B.<\/td>\n<td>Litomy\u0161l<\/td>\n<\/tr>\n<tr>\n<td>POH\u00c1R<\/td>\n<td>07.05.2025<\/td>\n<td>st\u0159eda<\/td>\n<td>17,00<\/td>\n<td>\u00a0<\/td>\n<td>\u00a0<\/td>\n<\/tr>\n<tr>\n<td>25. kolo<\/td>\n<td>11.05.2025<\/td>\n<td>ned\u011ble<\/td>\n<td>17,00<\/td>\n<td>Skute\u010d<\/td>\n<td>S.K.L.B.<\/td>\n<\/tr>\n<tr>\n<td>26. kolo<\/td>\n<td>18.05.2025<\/td>\n<td>ned\u011ble<\/td>\n<td>17,00<\/td>\n<td>S.K.L.B.<\/td>\n<td>Choce\u0148<\/td>\n<\/tr>\n<tr>\n<td>27. kolo<\/td>\n<td>24.05.2025<\/td>\n<td>sobota<\/td>\n<td>17,00<\/td>\n<td>Letohrad<\/td>\n<td>S.K.L.B.<\/td>\n<\/tr>\n<tr>\n<td>28. kolo<\/td>\n<td>01.06.2025<\/td>\n<td>ned\u011ble<\/td>\n<td>17,00<\/td>\n<td>S.K.L.B.<\/td>\n<td>P\u0159elou\u010d<\/td>\n<\/tr>\n<tr>\n<td>POH\u00c1R<\/td>\n<td>05.06.2025<\/td>\n<td>\u010dtvrtek<\/td>\n<td>18,00<\/td>\n<td>\u00a0<\/td>\n<td>\u00a0<\/td>\n<\/tr>\n<tr>\n<td>29. kolo<\/td>\n<td>08.06.2025<\/td>\n<td>ned\u011ble<\/td>\n<td>17,00<\/td>\n<td>Proset\u00edn<\/td>\n<td>S.K.L.B.<\/td>\n<\/tr>\n<tr>\n<td>30. kolo<\/td>\n<td>14.06.2025<\/td>\n<td>sobota<\/td>\n<td>15,00<\/td>\n<td>S.K.L.B.<\/td>\n<td>V.M\u00fdto B<\/td>\n<\/tr>\n<\/tbody>\n<\/table>\n","protected":false},"excerpt":{"rendered":"","protected":false},"author":4,"featured_media":0,"parent":0,"menu_order":0,"comment_status":"closed","ping_status":"closed","template":"","meta":{"footnotes":""},"class_list":["post-895","page","type-page","status-publish","hentry"],"_links":{"self":[{"href":"http:\/\/www.sklaznebohdanec.cz\/volejbal\/wp-json\/wp\/v2\/pages\/895","targetHints":{"allow":["GET"]}}],"collection":[{"href":"http:\/\/www.sklaznebohdanec.cz\/volejbal\/wp-json\/wp\/v2\/pages"}],"about":[{"href":"http:\/\/www.sklaznebohdanec.cz\/volejbal\/wp-json\/wp\/v2\/types\/page"}],"author":[{"embeddable":true,"href":"http:\/\/www.sklaznebohdanec.cz\/volejbal\/wp-json\/wp\/v2\/users\/4"}],"replies":[{"embeddable":true,"href":"http:\/\/www.sklaznebohdanec.cz\/volejbal\/wp-json\/wp\/v2\/comments?post=895"}],"version-history":[{"count":3,"href":"http:\/\/www.sklaznebohdanec.cz\/volejbal\/wp-json\/wp\/v2\/pages\/895\/revisions"}],"predecessor-version":[{"id":905,"href":"http:\/\/www.sklaznebohdanec.cz\/volejbal\/wp-json\/wp\/v2\/pages\/895\/revisions\/905"}],"wp:attachment":[{"href":"http:\/\/www.sklaznebohdanec.cz\/volejbal\/wp-json\/wp\/v2\/media?parent=895"}],"curies":[{"name":"wp","href":"https:\/\/api.w.org\/{rel}","templated":true}]}}