{"id":12950,"date":"2020-10-29T17:24:46","date_gmt":"2020-10-29T16:24:46","guid":{"rendered":"http:\/\/www.sklaznebohdanec.cz\/fotbal\/?page_id=12950"},"modified":"2020-10-29T17:27:24","modified_gmt":"2020-10-29T16:27:24","slug":"rouska-l-b-s-k","status":"publish","type":"page","link":"https:\/\/www.sklaznebohdanec.cz\/fotbal\/rouska-l-b-s-k\/","title":{"rendered":"Rou\u0161ka L.B.S.K."},"content":{"rendered":"<p>Fotbalov\u00e1 sez\u00f3na byla p\u0159eru\u0161ena a tak, kdy\u017e nem\u016f\u017eeme na h\u0159i\u0161ti, chceme vyj\u00e1d\u0159it na\u0161i p\u0159\u00edslu\u0161nost ke klubu takhle. Proto\u017ee mysl\u00edme, \u017ee to budete c\u00edtit stejn\u011b, p\u0159ipravili jsme pro v\u0161echny p\u0159\u00edznivce klubov\u00e9 rou\u0161ky. Cena 70,- K\u010d. K dopt\u00e1n\u00ed u sekret\u00e1\u0159e.<\/p>\n<p><a href=\"http:\/\/www.sklaznebohdanec.cz\/fotbal\/wp-content\/uploads\/2020\/10\/rouska.jpg\"><img loading=\"lazy\" decoding=\"async\" class=\"alignnone size-medium wp-image-12954\" src=\"http:\/\/www.sklaznebohdanec.cz\/fotbal\/wp-content\/uploads\/2020\/10\/rouska-300x225.jpg\" alt=\"\" width=\"300\" height=\"225\" srcset=\"https:\/\/www.sklaznebohdanec.cz\/fotbal\/wp-content\/uploads\/2020\/10\/rouska-300x225.jpg 300w, https:\/\/www.sklaznebohdanec.cz\/fotbal\/wp-content\/uploads\/2020\/10\/rouska-1024x768.jpg 1024w, https:\/\/www.sklaznebohdanec.cz\/fotbal\/wp-content\/uploads\/2020\/10\/rouska-150x113.jpg 150w, https:\/\/www.sklaznebohdanec.cz\/fotbal\/wp-content\/uploads\/2020\/10\/rouska-768x576.jpg 768w, https:\/\/www.sklaznebohdanec.cz\/fotbal\/wp-content\/uploads\/2020\/10\/rouska-200x150.jpg 200w, https:\/\/www.sklaznebohdanec.cz\/fotbal\/wp-content\/uploads\/2020\/10\/rouska.jpg 1440w\" sizes=\"auto, (max-width: 300px) 100vw, 300px\" \/><\/a><\/p>\n","protected":false},"excerpt":{"rendered":"<p>Fotbalov\u00e1 sez\u00f3na byla p\u0159eru\u0161ena a tak, kdy\u017e nem\u016f\u017eeme na h\u0159i\u0161ti, chceme vyj\u00e1d\u0159it na\u0161i p\u0159\u00edslu\u0161nost ke klubu takhle. Proto\u017ee mysl\u00edme, \u017ee to budete c\u00edtit stejn\u011b, p\u0159ipravili jsme pro v\u0161echny p\u0159\u00edznivce klubov\u00e9 rou\u0161ky. Cena 70,- K\u010d. K dopt\u00e1n\u00ed u sekret\u00e1\u0159e.<\/p>\n","protected":false},"author":13,"featured_media":0,"parent":0,"menu_order":0,"comment_status":"closed","ping_status":"closed","template":"","meta":{"_mc_calendar":[],"footnotes":""},"class_list":["post-12950","page","type-page","status-publish","hentry"],"aioseo_notices":[],"_links":{"self":[{"href":"https:\/\/www.sklaznebohdanec.cz\/fotbal\/wp-json\/wp\/v2\/pages\/12950","targetHints":{"allow":["GET"]}}],"collection":[{"href":"https:\/\/www.sklaznebohdanec.cz\/fotbal\/wp-json\/wp\/v2\/pages"}],"about":[{"href":"https:\/\/www.sklaznebohdanec.cz\/fotbal\/wp-json\/wp\/v2\/types\/page"}],"author":[{"embeddable":true,"href":"https:\/\/www.sklaznebohdanec.cz\/fotbal\/wp-json\/wp\/v2\/users\/13"}],"replies":[{"embeddable":true,"href":"https:\/\/www.sklaznebohdanec.cz\/fotbal\/wp-json\/wp\/v2\/comments?post=12950"}],"version-history":[{"count":3,"href":"https:\/\/www.sklaznebohdanec.cz\/fotbal\/wp-json\/wp\/v2\/pages\/12950\/revisions"}],"predecessor-version":[{"id":12955,"href":"https:\/\/www.sklaznebohdanec.cz\/fotbal\/wp-json\/wp\/v2\/pages\/12950\/revisions\/12955"}],"wp:attachment":[{"href":"https:\/\/www.sklaznebohdanec.cz\/fotbal\/wp-json\/wp\/v2\/media?parent=12950"}],"curies":[{"name":"wp","href":"https:\/\/api.w.org\/{rel}","templated":true}]}}