{"id":8442,"date":"2017-09-05T22:49:21","date_gmt":"2017-09-05T20:49:21","guid":{"rendered":"http:\/\/www.sklaznebohdanec.cz\/fotbal\/?page_id=8442"},"modified":"2025-08-06T17:20:45","modified_gmt":"2025-08-06T15:20:45","slug":"prispevky-zaci","status":"publish","type":"page","link":"https:\/\/www.sklaznebohdanec.cz\/fotbal\/prispevky-zaci\/","title":{"rendered":"P\u0159\u00edsp\u011bvky \u017e\u00e1ci"},"content":{"rendered":"<table class=\" alignleft\" width=\"191\">\n<tbody>\n<tr>\n<td style=\"width: 1329px;\" colspan=\"2\"><span style=\"color: #000000; font-size: 10pt;\">Pokyny pro placen\u00ed \u010dlensk\u00fdch p\u0159\u00edsp\u011bvk\u016f &#8211; \u017d\u00c1CI<\/span><\/td>\n<\/tr>\n<tr>\n<td style=\"width: 663.016px;\"><span style=\"color: #000000; font-size: 10pt;\">\u00a0<\/span><\/td>\n<td style=\"width: 617.984px;\"><span style=\"color: #000000; font-size: 10pt;\">\u00a0<\/span><\/td>\n<\/tr>\n<tr>\n<td style=\"width: 663.016px;\"><span style=\"color: #000000; font-size: 10pt;\">\u010d\u00edslo \u00fa\u010dtu:<\/span><\/td>\n<td style=\"width: 617.984px;\"><span style=\"color: #000000; font-size: 10pt;\">2600734971\/2010<\/span><\/td>\n<\/tr>\n<tr>\n<td style=\"width: 663.016px;\"><span style=\"color: #000000; font-size: 10pt;\">var. symbol:<\/span><\/td>\n<td style=\"width: 617.984px;\"><span style=\"color: #000000; font-size: 10pt;\">rodn\u00e9 \u010d\u00edslo hr\u00e1\u010de<\/span><\/td>\n<\/tr>\n<tr>\n<td style=\"width: 663.016px;\"><span style=\"color: #000000; font-size: 10pt;\">zpr\u00e1va pro p\u0159\u00edjemce:\u00a0<\/span><\/td>\n<td style=\"width: 617.984px;\"><span style=\"color: #000000; font-size: 10pt;\">jm\u00e9no hr\u00e1\u010de<\/span><\/td>\n<\/tr>\n<tr>\n<td style=\"width: 663.016px;\"><span style=\"color: #000000; font-size: 10pt;\">\u00a0<\/span><\/td>\n<td style=\"width: 617.984px;\"><span style=\"color: #000000; font-size: 10pt;\">\u00a0<\/span><\/td>\n<\/tr>\n<tr>\n<td style=\"width: 1329px;\" colspan=\"2\">\n<p><span style=\"color: #000000; font-size: 10pt;\">\u010clensk\u00fd p\u0159\u00edsp\u011bvek \u017e\u00e1k\u016f \u010din\u00ed 3500,- K\u010d na p\u016fl sez\u00f3ny a hr\u00e1\u010de<\/span><\/p>\n<p>splatnost je do 31. b\u0159ezna za 1. pololet\u00ed a do 30. z\u00e1\u0159\u00ed za 2. pololet\u00ed<\/p>\n<\/td>\n<\/tr>\n<tr>\n<td style=\"width: 1329px;\" colspan=\"2\"><span style=\"color: #000000; font-size: 10pt;\">P\u0159\u00edsp\u011bvky hra\u010fte v\u00fdhradn\u011b p\u0159evodem na \u00fa\u010det. Hotov\u011b budou p\u0159ijaty pouze ve v\u00fdjime\u010dn\u00fdch p\u0159\u00edpadech.<\/span><\/td>\n<\/tr>\n<tr>\n<td style=\"width: 1329px;\" colspan=\"2\">\n<p><span style=\"color: #000000; font-size: 10pt;\">V p\u0159\u00edpad\u011b sourozenc\u016f v t\u00fdmu plat\u00ed mlad\u0161\u00ed pouze 50% p\u0159\u00edsp\u011bvku. Oba tedy 1,5 n\u00e1sobek m\u00edsto 2n\u00e1sobku.<\/span><\/p>\n<p>SK L\u00e1zn\u011b Bohdane\u010d umo\u017e\u0148uje rodi\u010d\u016fm, kte\u0159\u00ed zajist\u00ed pro klub finan\u010dn\u00ed dar formou darovac\u00ed smlouvy ve v\u00fd\u0161i min. 6000,- K\u010d, nebo formou smlouvy o reklam\u011b ve v\u00fd\u0161i min. 10 000,- K\u010d, 100%n\u00ed \u00falevu na p\u0159\u00edsp\u011bvc\u00edch. Doty\u010dn\u00fd hr\u00e1\u010d bude tedy hr\u00e1t celou danou sez\u00f3nu zdarma. &#x26bd;<\/p>\n<\/td>\n<\/tr>\n<tr>\n<td style=\"width: 1329px;\" colspan=\"2\">\u00a0<\/td>\n<\/tr>\n<\/tbody>\n<\/table>\n<p><!--more--><\/p>\n","protected":false},"excerpt":{"rendered":"<p>Pokyny pro placen\u00ed \u010dlensk\u00fdch p\u0159\u00edsp\u011bvk\u016f &#8211; \u017d\u00c1CI \u00a0 \u00a0 \u010d\u00edslo \u00fa\u010dtu: 2600734971\/2010 var. symbol: rodn\u00e9 \u010d\u00edslo hr\u00e1\u010de zpr\u00e1va pro p\u0159\u00edjemce:\u00a0 jm\u00e9no hr\u00e1\u010de \u00a0 \u00a0 \u010clensk\u00fd p\u0159\u00edsp\u011bvek \u017e\u00e1k\u016f \u010din\u00ed 3500,- K\u010d na p\u016fl sez\u00f3ny a hr\u00e1\u010de splatnost je do 31. b\u0159ezna za 1. pololet\u00ed a do 30. z\u00e1\u0159\u00ed za 2. pololet\u00ed \u2026 <a class=\"continue-reading-link\" href=\"https:\/\/www.sklaznebohdanec.cz\/fotbal\/prispevky-zaci\/\">Pokra\u010dov\u00e1n\u00ed zde&#8230;. <span class=\"meta-nav\">&rarr; <\/span><\/a><\/p>\n","protected":false},"author":13,"featured_media":0,"parent":0,"menu_order":0,"comment_status":"closed","ping_status":"closed","template":"","meta":{"_mc_calendar":[],"footnotes":""},"class_list":["post-8442","page","type-page","status-publish","hentry"],"aioseo_notices":[],"_links":{"self":[{"href":"https:\/\/www.sklaznebohdanec.cz\/fotbal\/wp-json\/wp\/v2\/pages\/8442","targetHints":{"allow":["GET"]}}],"collection":[{"href":"https:\/\/www.sklaznebohdanec.cz\/fotbal\/wp-json\/wp\/v2\/pages"}],"about":[{"href":"https:\/\/www.sklaznebohdanec.cz\/fotbal\/wp-json\/wp\/v2\/types\/page"}],"author":[{"embeddable":true,"href":"https:\/\/www.sklaznebohdanec.cz\/fotbal\/wp-json\/wp\/v2\/users\/13"}],"replies":[{"embeddable":true,"href":"https:\/\/www.sklaznebohdanec.cz\/fotbal\/wp-json\/wp\/v2\/comments?post=8442"}],"version-history":[{"count":17,"href":"https:\/\/www.sklaznebohdanec.cz\/fotbal\/wp-json\/wp\/v2\/pages\/8442\/revisions"}],"predecessor-version":[{"id":14861,"href":"https:\/\/www.sklaznebohdanec.cz\/fotbal\/wp-json\/wp\/v2\/pages\/8442\/revisions\/14861"}],"wp:attachment":[{"href":"https:\/\/www.sklaznebohdanec.cz\/fotbal\/wp-json\/wp\/v2\/media?parent=8442"}],"curies":[{"name":"wp","href":"https:\/\/api.w.org\/{rel}","templated":true}]}}