{"id":9854,"date":"2018-10-16T22:18:27","date_gmt":"2018-10-16T20:18:27","guid":{"rendered":"http:\/\/www.sklaznebohdanec.cz\/fotbal\/?page_id=9854"},"modified":"2022-02-18T16:18:00","modified_gmt":"2022-02-18T15:18:00","slug":"turnaje__trashed","status":"publish","type":"page","link":"https:\/\/www.sklaznebohdanec.cz\/fotbal\/turnaje__trashed\/","title":{"rendered":"Turnaje a akce"},"content":{"rendered":"<p><strong>Propozice k jednotliv\u00fdm turnaj\u016fm budou v\u010das rozesl\u00e1ny v\u0161em p\u0159ihl\u00e1\u0161en\u00fdm \u00fa\u010dastn\u00edk\u016fm pomoc\u00ed e-mailu.<\/strong><\/p>\n<p><span style=\"text-decoration: underline;\"><strong>2022<\/strong><\/span><\/p>\n<p>&#8211;<\/p>\n<p>&#8211;<\/p>\n<p><span style=\"color: #0000ff;\"><strong><span style=\"text-decoration: underline; font-size: 14pt;\">2021<\/span><\/strong><\/span><\/p>\n<p><span style=\"text-decoration: underline; font-size: 20px;\"><strong>Turnaje po\u0159\u00e1dan\u00e9 v nov\u00e9 hale L\u00e1zn\u011b Bohdane\u010d<\/strong><\/span><\/p>\n<p><b>Z\u00e1kladn\u00ed informace k turnaj\u016fm:<\/b><span style=\"font-weight: 400;\">\u00a0<\/span><\/p>\n<p><span style=\"font-weight: 400;\">Hrac\u00ed doba:<\/span> <span style=\"font-weight: 400;\">dle po\u010dtu p\u0159ihl\u00e1\u0161en\u00fdch dru\u017estev\u00a0\u00a0\u00a0\u00a0\u00a0\u00a0\u00a0\u00a0\u00a0\u00a0\u00a0\u00a0\u00a0\u00a0\u00a0\u00a0\u00a0\u00a0\u00a0\u00a0\u00a0\u00a0\u00a0\u00a0\u00a0\u00a0\u00a0\u00a0\u00a0\u00a0\u00a0\u00a0\u00a0\u00a0\u00a0\u00a0\u00a0\u00a0\u00a0\u00a0\u00a0\u00a0\u00a0\u00a0\u00a0\u00a0\u00a0\u00a0\u00a0\u00a0\u00a0\u00a0\u00a0\u00a0\u00a0\u00a0\u00a0\u00a0\u00a0\u00a0\u00a0\u00a0\u00a0\u00a0\u00a0\u00a0\u00a0\u00a0\u00a0\u00a0\u00a0\u00a0\u00a0\u00a0\u00a0\u00a0\u00a0\u00a0\u00a0\u00a0\u00a0\u00a0\u00a0\u00a0\u00a0\u00a0\u00a0\u00a0\u00a0\u00a0\u00a0\u00a0\u00a0\u00a0\u00a0\u00a0\u00a0\u00a0\u00a0\u00a0\u00a0\u00a0\u00a0\u00a0\u00a0\u00a0\u00a0\u00a0\u00a0\u00a0\u00a0\u00a0\u00a0\u00a0\u00a0\u00a0\u00a0\u00a0\u00a0\u00a0\u00a0\u00a0\u00a0\u00a0\u00a0\u00a0\u00a0\u00a0\u00a0\u00a0\u00a0\u00a0\u00a0\u00a0\u00a0\u00a0\u00a0\u00a0\u00a0\u00a0\u00a0\u00a0\u00a0\u00a0\u00a0\u00a0\u00a0\u00a0\u00a0\u00a0\u00a0\u00a0\u00a0\u00a0\u00a0\u00a0\u00a0\u00a0\u00a0\u00a0\u00a0\u00a0\u00a0\u00a0\u00a0\u00a0\u00a0\u00a0\u00a0\u00a0\u00a0\u00a0\u00a0\u00a0\u00a0\u00a0\u00a0\u00a0\u00a0\u00a0\u00a0\u00a0\u00a0\u00a0<\/span><\/p>\n<p><span style=\"font-weight: 400;\">Po\u010det hr\u00e1\u010d\u016f:<\/span> <span style=\"font-weight: 400;\">4 + 1 (st\u0159\u00edd\u00e1n\u00ed hokejov\u00e9, max. 12 hr\u00e1\u010d\u016f)<\/span><\/p>\n<p><span style=\"font-weight: 400;\">P\u0159ihl\u00e1\u0161ky:<\/span> <i><span style=\"font-weight: 400;\">na e-mail:\u00a0 <\/span><\/i><a href=\"mailto:janbaldrych@seznam.cz\"><b>janbaldrych@seznam.cz<\/b><\/a><\/p>\n<p><span style=\"font-weight: 400;\">Startovn\u00e9: <\/span><b>hala 4+1: <\/b><span style=\"font-weight: 400;\">1600,- K\u010d &#8211; splatn\u00e9<\/span> <span style=\"font-weight: 400;\">na m\u00edst\u011b, <\/span><b>hala 3+0:<\/b><span style=\"font-weight: 400;\"> 1200,- K\u010d &#8211; splatn\u00e9<\/span> <span style=\"font-weight: 400;\">na m\u00edst\u011b<\/span><\/p>\n<p><span style=\"font-weight: 400;\">Vyhodnocen\u00ed: <\/span><span style=\"font-weight: 400;\">* poh\u00e1ry, medaile, v\u011bcn\u00e9 ceny pro prvn\u00ed t\u0159i dru\u017estva,\u00a0<\/span><span style=\"font-weight: 400;\">* ceny pro nejlep\u0161\u00ed hr\u00e1\u010de (st\u0159elec, hr\u00e1\u010d, brank\u00e1\u0159),\u00a0<\/span><span style=\"font-weight: 400;\">* diplomy a drobn\u00e9 ceny pro v\u0161echna z\u00fa\u010dastn\u011bn\u00e1 dru\u017estva<\/span><\/p>\n<p><span style=\"font-weight: 400;\">\u010casov\u00fd harmonogram:<\/span> <span style=\"font-weight: 400;\">turnaje budou prob\u00edhat zpravidla od 8,30 do 14 hodin. <\/span><span style=\"font-weight: 400;\">Hraje se podle upraven\u00fdch pravidel pro halovou kopanou.\u00a0\u00a0\u00a0\u00a0\u00a0<\/span><span style=\"font-weight: 400;\">\u00a0\u00a0\u00a0\u00a0\u00a0\u00a0\u00a0\u00a0\u00a0\u00a0\u00a0\u00a0\u00a0\u00a0\u00a0\u00a0\u00a0\u00a0\u00a0\u00a0\u00a0\u00a0\u00a0\u00a0\u00a0\u00a0\u00a0\u00a0\u00a0\u00a0\u00a0\u00a0\u00a0\u00a0\u00a0\u00a0\u00a0\u00a0\u00a0\u00a0\u00a0\u00a0\u00a0\u00a0\u00a0\u00a0\u00a0\u00a0\u00a0\u00a0\u00a0\u00a0\u00a0\u00a0\u00a0\u00a0\u00a0\u00a0\u00a0\u00a0\u00a0\u00a0\u00a0\u00a0\u00a0\u00a0\u00a0\u00a0<\/span><\/p>\n<table class=\" alignleft\">\n<tbody>\n<tr>\n<td><span style=\"font-size: 12px;\"><b>Datum<\/b><\/span><\/td>\n<td><span style=\"font-size: 12px;\"><b>Ro\u010dn\u00edk<\/b><\/span><\/td>\n<td><span style=\"font-size: 12px;\"><b>M\u00edsto<\/b><\/span><\/td>\n<td><span style=\"font-size: 12px;\"><b>Startovn\u00e9<\/b><\/span><\/td>\n<td><span style=\"font-size: 12px;\"><b>Kontaktn\u00ed osoba<\/b><\/span><\/td>\n<\/tr>\n<tr>\n<td><span style=\"font-weight: 400; font-size: 12px;\">NE 10.1.2021<\/span><\/td>\n<td><span style=\"font-weight: 400; font-size: 12px;\">U15 (2006 a ml.)<\/span><\/td>\n<td><span style=\"font-weight: 400; font-size: 12px;\">Sportovn\u00ed hala L. Bohdane\u010d<\/span><\/td>\n<td><span style=\"font-weight: 400; font-size: 12px;\">1600,- K\u010d<\/span><\/td>\n<td><span style=\"font-size: 12px;\"><span style=\"font-weight: 400;\">Ale\u0161<\/span><span style=\"font-weight: 400;\"> Eisner<\/span><\/span><\/td>\n<\/tr>\n<tr>\n<td><span style=\"font-weight: 400; font-size: 12px;\">SO 16.1.2021<\/span><\/td>\n<td><span style=\"font-weight: 400; font-size: 12px;\">U13 (2008 a ml.)<\/span><\/td>\n<td><span style=\"font-weight: 400; font-size: 12px;\">Sportovn\u00ed hala L. Bohdane\u010d<\/span><\/td>\n<td><span style=\"font-weight: 400; font-size: 12px;\">1600,- K\u010d<\/span><\/td>\n<td><span style=\"font-weight: 400; font-size: 12px;\">Tom\u00e1\u0161 Baracz<\/span><\/td>\n<\/tr>\n<tr>\n<td><span style=\"font-weight: 400; font-size: 12px;\">NE 17.1.2021<\/span><\/td>\n<td><span style=\"font-weight: 400; font-size: 12px;\">U11 (2010 a ml.)<\/span><\/td>\n<td><span style=\"font-weight: 400; font-size: 12px;\">Sportovn\u00ed hala L. Bohdane\u010d<\/span><\/td>\n<td><span style=\"font-weight: 400; font-size: 12px;\">1600,- K\u010d<\/span><\/td>\n<td><span style=\"font-weight: 400; font-size: 12px;\">Jan Baldrych<\/span><\/td>\n<\/tr>\n<tr>\n<td><span style=\"font-weight: 400; font-size: 12px;\">SO 23.1.2021<\/span><\/td>\n<td><span style=\"font-weight: 400; font-size: 12px;\">U9 (2012 a ml.)<\/span><\/td>\n<td><span style=\"font-weight: 400; font-size: 12px;\">Sportovn\u00ed hala L. Bohdane\u010d<\/span><\/td>\n<td><span style=\"font-weight: 400; font-size: 12px;\">1600,- K\u010d<\/span><\/td>\n<td><span style=\"font-weight: 400; font-size: 12px;\">Jan Baldrych<\/span><\/td>\n<\/tr>\n<tr>\n<td><span style=\"font-weight: 400; font-size: 12px;\">SO 30.1.2021<\/span><\/td>\n<td><span style=\"font-size: 12px;\"><span style=\"font-weight: 400;\">U7 (2014 a ml.) <\/span><b>3+0<\/b><\/span><\/td>\n<td><span style=\"font-weight: 400; font-size: 12px;\">Sportovn\u00ed hala L. Bohdane\u010d<\/span><\/td>\n<td><span style=\"font-weight: 400; font-size: 12px;\">1200,- K\u010d<\/span><\/td>\n<td><span style=\"font-weight: 400; font-size: 12px;\">Jan Baldrych<\/span><\/td>\n<\/tr>\n<tr>\n<td><span style=\"font-weight: 400; font-size: 12px;\">SO 27.2.2021<\/span><\/td>\n<td><span style=\"font-size: 12px;\"><span style=\"font-weight: 400;\">U7 (2014 a ml.) <\/span><b>3+0<\/b><\/span><\/td>\n<td><span style=\"font-weight: 400; font-size: 12px;\">Sportovn\u00ed hala L. Bohdane\u010d<\/span><\/td>\n<td><span style=\"font-weight: 400; font-size: 12px;\">1200,- K\u010d<\/span><\/td>\n<td><span style=\"font-weight: 400; font-size: 12px;\">Jan Baldrych<\/span><\/td>\n<\/tr>\n<\/tbody>\n<\/table>\n<p>&nbsp;<\/p>\n<p><b>Informace a p\u0159ihl\u00e1\u0161ky: <\/b><a href=\"mailto:janbaldrych@seznam.cz\"><b>janbaldrych@seznam.cz<\/b><\/a><\/p>\n<p><b>Hlavn\u00ed po\u0159adatel\u00e9:<\/b> <b>Jan Baldrych, mobil: 721\u00a0700\u00a0726\u00a0<\/b><\/p>\n<p><b>Ale\u0161 Eisner, mobil: 602\u00a0238\u00a0962<\/b><\/p>\n<p><b>Tom\u00e1\u0161 Baracz, mobil: 773\u00a0486 844<\/b><\/p>\n<p><b>Vybran\u00fdm dru\u017estv\u016fm budou v\u010das zasl\u00e1ny propozice s\u00a0rozlosov\u00e1n\u00edm a podrobn\u00fdmi pravidly.\u00a0<\/b><\/p>\n<p>&nbsp;<\/p>\n<p><span style=\"text-decoration: underline;\"><em><strong>Mlad\u0161\u00ed \u017e\u00e1ci U13<\/strong><\/em><\/span><\/p>\n<p>16.1.2021 &#8211; 1. ro\u010dn\u00edk halov\u00e9ho turnaje (nov\u00e1 hala v L\u00e1zn\u00edch Bohdane\u010d)<\/p>\n<p>Startovn\u00e9: 1500 k\u010d<\/p>\n<p>6.3.2021 &#8211;\u00a0 5. ro\u010dn\u00edk fotbalov\u00e9ho turnaj v L\u00e1zn\u00edch Bohdane\u010d<\/p>\n<p>Turnaj se hraje venku na\u00a0 UMT 5+1, rozm\u011bry branek 2&#215;5, maxim\u00e1ln\u011b 10 t\u00fdmu, startovn\u00e9 1200 k\u010d (poh\u00e1ry pro prvn\u00ed t\u00fdmy, individu\u00e1ln\u00ed ocen\u011bn\u00ed, drobn\u00e9 ob\u010derstven\u00ed, ta\u0161ka sladkost\u00ed)<\/p>\n<p>P\u0159ihl\u00e1\u0161en\u00e9 t\u00fdmy: 1.SK L\u00e1zn\u011b Bohdane\u010d,<\/p>\n<p>Kontakt: Tom\u00e1\u0161 Baracz 773486844, tomas.baracz@seznam.cz<\/p>\n<p>&nbsp;<\/p>\n<p>&nbsp;<\/p>\n","protected":false},"excerpt":{"rendered":"<p>Propozice k jednotliv\u00fdm turnaj\u016fm budou v\u010das rozesl\u00e1ny v\u0161em p\u0159ihl\u00e1\u0161en\u00fdm \u00fa\u010dastn\u00edk\u016fm pomoc\u00ed e-mailu. 2022 &#8211; &#8211; 2021 Turnaje po\u0159\u00e1dan\u00e9 v nov\u00e9 hale L\u00e1zn\u011b Bohdane\u010d Z\u00e1kladn\u00ed informace k turnaj\u016fm:\u00a0 Hrac\u00ed doba: dle po\u010dtu p\u0159ihl\u00e1\u0161en\u00fdch dru\u017estev\u00a0\u00a0\u00a0\u00a0\u00a0\u00a0\u00a0\u00a0\u00a0\u00a0\u00a0\u00a0\u00a0\u00a0\u00a0\u00a0\u00a0\u00a0\u00a0\u00a0\u00a0\u00a0\u00a0\u00a0\u00a0\u00a0\u00a0\u00a0\u00a0\u00a0\u00a0\u00a0\u00a0\u00a0\u00a0\u00a0\u00a0\u00a0\u00a0\u00a0\u00a0\u00a0\u00a0\u00a0\u00a0\u00a0\u00a0\u00a0\u00a0\u00a0\u00a0\u00a0\u00a0\u00a0\u00a0\u00a0\u00a0\u00a0\u00a0\u00a0\u00a0\u00a0\u00a0\u00a0\u00a0\u00a0\u00a0\u00a0\u00a0\u00a0\u00a0\u00a0\u00a0\u00a0\u00a0\u00a0\u00a0\u00a0\u00a0\u00a0\u00a0\u00a0\u00a0\u00a0\u00a0\u00a0\u00a0\u00a0\u00a0\u00a0\u00a0\u00a0\u00a0\u00a0\u00a0\u00a0\u00a0\u00a0\u00a0\u00a0\u00a0\u00a0\u00a0\u00a0\u00a0\u00a0\u00a0\u00a0\u00a0\u00a0\u00a0\u00a0\u00a0\u00a0\u00a0\u00a0\u00a0\u00a0\u00a0\u00a0\u00a0\u00a0\u00a0\u00a0\u00a0\u00a0\u00a0\u00a0\u00a0\u00a0\u00a0\u00a0\u00a0\u00a0\u00a0\u00a0\u00a0\u00a0\u00a0\u00a0\u00a0\u00a0\u00a0\u00a0\u00a0\u00a0\u00a0\u00a0\u00a0\u00a0\u00a0\u00a0\u00a0\u00a0\u00a0\u00a0\u00a0\u00a0\u00a0\u00a0\u00a0\u00a0\u00a0\u00a0\u00a0\u00a0\u00a0\u00a0\u00a0\u00a0\u00a0\u00a0\u00a0\u00a0\u00a0\u00a0\u00a0\u00a0\u00a0\u00a0\u00a0\u00a0\u00a0\u00a0 Po\u010det hr\u00e1\u010d\u016f: 4 + 1 (st\u0159\u00edd\u00e1n\u00ed hokejov\u00e9, max. 12 hr\u00e1\u010d\u016f) P\u0159ihl\u00e1\u0161ky: na e-mail:\u00a0 janbaldrych@seznam.cz Startovn\u00e9: hala 4+1: \u2026 <a class=\"continue-reading-link\" href=\"https:\/\/www.sklaznebohdanec.cz\/fotbal\/turnaje__trashed\/\">Pokra\u010dov\u00e1n\u00ed zde&#8230;. <span class=\"meta-nav\">&rarr; <\/span><\/a><\/p>\n","protected":false},"author":13,"featured_media":0,"parent":0,"menu_order":0,"comment_status":"closed","ping_status":"closed","template":"","meta":{"_mc_calendar":[],"footnotes":""},"class_list":["post-9854","page","type-page","status-publish","hentry"],"aioseo_notices":[],"_links":{"self":[{"href":"https:\/\/www.sklaznebohdanec.cz\/fotbal\/wp-json\/wp\/v2\/pages\/9854","targetHints":{"allow":["GET"]}}],"collection":[{"href":"https:\/\/www.sklaznebohdanec.cz\/fotbal\/wp-json\/wp\/v2\/pages"}],"about":[{"href":"https:\/\/www.sklaznebohdanec.cz\/fotbal\/wp-json\/wp\/v2\/types\/page"}],"author":[{"embeddable":true,"href":"https:\/\/www.sklaznebohdanec.cz\/fotbal\/wp-json\/wp\/v2\/users\/13"}],"replies":[{"embeddable":true,"href":"https:\/\/www.sklaznebohdanec.cz\/fotbal\/wp-json\/wp\/v2\/comments?post=9854"}],"version-history":[{"count":89,"href":"https:\/\/www.sklaznebohdanec.cz\/fotbal\/wp-json\/wp\/v2\/pages\/9854\/revisions"}],"predecessor-version":[{"id":13330,"href":"https:\/\/www.sklaznebohdanec.cz\/fotbal\/wp-json\/wp\/v2\/pages\/9854\/revisions\/13330"}],"wp:attachment":[{"href":"https:\/\/www.sklaznebohdanec.cz\/fotbal\/wp-json\/wp\/v2\/media?parent=9854"}],"curies":[{"name":"wp","href":"https:\/\/api.w.org\/{rel}","templated":true}]}}